{"id":208,"date":"2025-01-16T18:44:23","date_gmt":"2025-01-16T18:44:23","guid":{"rendered":"http:\/\/montsegurienne-trail.fr\/?page_id=208"},"modified":"2026-04-23T07:02:21","modified_gmt":"2026-04-23T07:02:21","slug":"inscriptions","status":"publish","type":"page","link":"https:\/\/montsegurienne-trail.fr\/?page_id=208","title":{"rendered":"Inscriptions"},"content":{"rendered":"\n<p>Les inscriptions se font exclusivement en ligne, en allant sur la page &nbsp;<a href=\"https:\/\/chrono-start.com\/events\/la-montsegurienne-1244\/\" target=\"_blank\" rel=\"noreferrer noopener\">https:\/\/chrono-start.com\/events\/la-montsegurienne-1244\/<\/a>&nbsp;. Il vous suffit de cliquer sur le bouton <strong>INSCRIPTION<\/strong> et de suivre les \u00e9tapes indiqu\u00e9es.<\/p>\n\n\n\n<p>Les inscriptions sont ouvertes jusqu\u2019au <strong>7 ao\u00fbt 2025.<\/strong><br><br>Les inscriptions impliquent automatiquement l&rsquo;acceptation et le respect du r\u00e8glement de la course.<br><\/p>\n\n\n\n<p><a href=\"http:\/\/montsegurienne-trail.fr\/wp-content\/uploads\/2025\/05\/20250413_Reglement_trail_La_Montsegurienne.pdf\" target=\"_blank\" rel=\"noreferrer noopener\">Cliquez ici pour lire le r\u00e8glement complet<\/a><\/p>\n\n\n\n<p><br>\u00c2ge minimum pour les participants : <br>\u2022 Trail de 18 km : \u00e0 partir de 20 ans (n\u00e9\u00b7e avant le 31\/12\/2005 inclus)<br>\u2022 Trail de 10 km : \u00e0 partir de 16 ans (n\u00e9\u00b7e avant le 31\/12\/2009 inclus), les personnes mineures devant \u00eatre accompagn\u00e9es d&rsquo;un adulte.<br>\u2022 Randonn\u00e9e p\u00e9destre de 9 km : \u00e0 partir de 7 ans et sous la responsabilit\u00e9 des parents. <br><br>Tarifs individuels applicables (hors commission) :<br>\u2022 Trail 18 km : 20 \u20ac<br>\u2022 Trail 10 km : 12 \u20ac<br>\u2022 Randonn\u00e9e 9 km : 10 \u20ac<br><\/p>\n\n\n\n<p>&nbsp;<\/p>\n\n\n\n<figure class=\"wp-block-image size-medium is-resized\"><img loading=\"lazy\" decoding=\"async\" width=\"300\" height=\"300\" src=\"https:\/\/montsegurienne-trail.fr\/wp-content\/uploads\/2025\/03\/Designer-5-300x300.jpeg\" alt=\"\" class=\"wp-image-256\" style=\"width:159px;height:auto\" srcset=\"https:\/\/montsegurienne-trail.fr\/wp-content\/uploads\/2025\/03\/Designer-5-300x300.jpeg 300w, https:\/\/montsegurienne-trail.fr\/wp-content\/uploads\/2025\/03\/Designer-5-150x150.jpeg 150w, https:\/\/montsegurienne-trail.fr\/wp-content\/uploads\/2025\/03\/Designer-5-768x768.jpeg 768w, https:\/\/montsegurienne-trail.fr\/wp-content\/uploads\/2025\/03\/Designer-5.jpeg 1024w\" sizes=\"(max-width: 300px) 100vw, 300px\" \/><\/figure>\n\n\n\n<p>&nbsp;<\/p>\n\n\n\n\n\n<p><\/p>\n","protected":false},"excerpt":{"rendered":"<p>Les inscriptions se font exclusivement en ligne, en allant sur la page &nbsp;https:\/\/chrono-start.com\/events\/la-montsegurienne-1244\/&nbsp;. Il vous suffit de cliquer sur le bouton INSCRIPTION et de suivre les \u00e9tapes indiqu\u00e9es. Les inscriptions sont ouvertes jusqu\u2019au 7 ao\u00fbt 2025. Les inscriptions impliquent automatiquement l&rsquo;acceptation et le respect du r\u00e8glement de la course. Cliquez ici pour lire le r\u00e8glement [&hellip;]<\/p>\n","protected":false},"author":2,"featured_media":0,"parent":0,"menu_order":0,"comment_status":"closed","ping_status":"closed","template":"","meta":{"saved_in_kubio":true,"_eb_attr":"","footnotes":""},"class_list":["post-208","page","type-page","status-publish","hentry"],"kubio_ai_page_context":{"short_desc":"","purpose":"general"},"_links":{"self":[{"href":"https:\/\/montsegurienne-trail.fr\/index.php?rest_route=\/wp\/v2\/pages\/208","targetHints":{"allow":["GET"]}}],"collection":[{"href":"https:\/\/montsegurienne-trail.fr\/index.php?rest_route=\/wp\/v2\/pages"}],"about":[{"href":"https:\/\/montsegurienne-trail.fr\/index.php?rest_route=\/wp\/v2\/types\/page"}],"author":[{"embeddable":true,"href":"https:\/\/montsegurienne-trail.fr\/index.php?rest_route=\/wp\/v2\/users\/2"}],"replies":[{"embeddable":true,"href":"https:\/\/montsegurienne-trail.fr\/index.php?rest_route=%2Fwp%2Fv2%2Fcomments&post=208"}],"version-history":[{"count":12,"href":"https:\/\/montsegurienne-trail.fr\/index.php?rest_route=\/wp\/v2\/pages\/208\/revisions"}],"predecessor-version":[{"id":483,"href":"https:\/\/montsegurienne-trail.fr\/index.php?rest_route=\/wp\/v2\/pages\/208\/revisions\/483"}],"wp:attachment":[{"href":"https:\/\/montsegurienne-trail.fr\/index.php?rest_route=%2Fwp%2Fv2%2Fmedia&parent=208"}],"curies":[{"name":"wp","href":"https:\/\/api.w.org\/{rel}","templated":true}]}}