{"id":203,"date":"2025-01-16T18:32:29","date_gmt":"2025-01-16T18:32:29","guid":{"rendered":"http:\/\/montsegurienne-trail.fr\/?page_id=203"},"modified":"2026-04-23T07:13:26","modified_gmt":"2026-04-23T07:13:26","slug":"parcours","status":"publish","type":"page","link":"https:\/\/montsegurienne-trail.fr\/?page_id=203","title":{"rendered":"Parcours"},"content":{"rendered":"\n<p>Commodit\u00e9s pr\u00e9vues : vestiaires, douches, et il y aura une navette pour aller et revenir du parking du col (le plus grand parking, pr\u00e8s du b\u00e2timent d&rsquo;accueil du ch\u00e2teau de Monts\u00e9gur) jusqu&rsquo;au village.<\/p>\n\n\n\n<p>Plus d&rsquo;informations \u00e0 venir sur l&rsquo;\u00e9dition 2026.<\/p>\n\n\n\n<p>Descriptions de ce qui a eu lieu lors de l&rsquo;\u00e9dition 2025 :<br><br><strong>&#8211; Trail de 18 km :<\/strong><br> \u00a0\u00a0\u00a0\u00a0\u2022 1120 m D+ (d\u00e9nivel\u00e9 positif)<br> \u00a0\u00a0\u00a0\u00a0\u2022 3 ravitaillements dont 1 liquide\/solide<br>\u00a0\u00a0 \u00a0\u00a0\u2022 75 participants maximum<br>\u00a0\u00a0 \u00a0\u00a0\u2022 d\u00e9part 9h00<\/p>\n\n\n\n<figure class=\"wp-block-image size-full is-resized\"><img loading=\"lazy\" decoding=\"async\" width=\"830\" height=\"566\" src=\"https:\/\/montsegurienne-trail.fr\/wp-content\/uploads\/2025\/07\/profil_trail_18.jpg\" alt=\"\" class=\"wp-image-405\" style=\"width:636px;height:auto\" srcset=\"https:\/\/montsegurienne-trail.fr\/wp-content\/uploads\/2025\/07\/profil_trail_18.jpg 830w, https:\/\/montsegurienne-trail.fr\/wp-content\/uploads\/2025\/07\/profil_trail_18-300x205.jpg 300w, https:\/\/montsegurienne-trail.fr\/wp-content\/uploads\/2025\/07\/profil_trail_18-768x524.jpg 768w\" sizes=\"(max-width: 830px) 100vw, 830px\" \/><\/figure>\n\n\n\n<p><br><br><strong>&#8211; Trail de 10 km : <\/strong><br> &nbsp;&nbsp;&nbsp;&nbsp;\u2022 420 m D+<br> &nbsp;&nbsp;&nbsp;&nbsp;\u2022 2 ravitaillements dont 1 liquide\/solide<br> &nbsp;&nbsp;&nbsp;&nbsp;\u2022 75 participants maximum<br> &nbsp;&nbsp;&nbsp;&nbsp;\u2022 d\u00e9part 9h30<\/p>\n\n\n\n<figure class=\"wp-block-image size-full is-resized\"><img loading=\"lazy\" decoding=\"async\" width=\"827\" height=\"570\" src=\"https:\/\/montsegurienne-trail.fr\/wp-content\/uploads\/2025\/07\/profil_trail_10.jpg\" alt=\"\" class=\"wp-image-406\" style=\"width:635px;height:auto\" srcset=\"https:\/\/montsegurienne-trail.fr\/wp-content\/uploads\/2025\/07\/profil_trail_10.jpg 827w, https:\/\/montsegurienne-trail.fr\/wp-content\/uploads\/2025\/07\/profil_trail_10-300x207.jpg 300w, https:\/\/montsegurienne-trail.fr\/wp-content\/uploads\/2025\/07\/profil_trail_10-768x529.jpg 768w\" sizes=\"(max-width: 827px) 100vw, 827px\" \/><\/figure>\n\n\n\n<p><br><br><strong>&#8211; Randonn\u00e9e p\u00e9destre de 9 km :<\/strong> <br> &nbsp;&nbsp;&nbsp;&nbsp;\u2022 330 m D+<br> &nbsp;&nbsp;&nbsp;&nbsp;\u2022 1 ravitaillement liquide\/solide<br> &nbsp;&nbsp;&nbsp;&nbsp;\u2022 100 participants maximum<br> &nbsp;&nbsp;&nbsp;&nbsp;\u2022 d\u00e9part 10h00<\/p>\n\n\n\n<figure class=\"wp-block-image size-full is-resized\"><img loading=\"lazy\" decoding=\"async\" width=\"813\" height=\"559\" src=\"https:\/\/montsegurienne-trail.fr\/wp-content\/uploads\/2025\/07\/profil_rando_9.jpg\" alt=\"\" class=\"wp-image-407\" style=\"width:630px;height:auto\" srcset=\"https:\/\/montsegurienne-trail.fr\/wp-content\/uploads\/2025\/07\/profil_rando_9.jpg 813w, https:\/\/montsegurienne-trail.fr\/wp-content\/uploads\/2025\/07\/profil_rando_9-300x206.jpg 300w, https:\/\/montsegurienne-trail.fr\/wp-content\/uploads\/2025\/07\/profil_rando_9-768x528.jpg 768w\" sizes=\"(max-width: 813px) 100vw, 813px\" \/><\/figure>\n\n\n\n<p><br><br>\u00c9tant donn\u00e9 que les parcours traversent des parcelles privatives, les traces de chacun des circuits ne peuvent \u00eatre communiqu\u00e9es. <br><br><\/p>\n\n\n\n<p>&nbsp;<\/p>\n\n\n\n\n\n<p>&nbsp;<\/p>\n\n\n","protected":false},"excerpt":{"rendered":"<p>Commodit\u00e9s pr\u00e9vues : vestiaires, douches, et il y aura une navette pour aller et revenir du parking du col (le plus grand parking, pr\u00e8s du b\u00e2timent d&rsquo;accueil du ch\u00e2teau de Monts\u00e9gur) jusqu&rsquo;au village. Plus d&rsquo;informations \u00e0 venir sur l&rsquo;\u00e9dition 2026. Descriptions de ce qui a eu lieu lors de l&rsquo;\u00e9dition 2025 : &#8211; Trail de [&hellip;]<\/p>\n","protected":false},"author":2,"featured_media":0,"parent":0,"menu_order":0,"comment_status":"closed","ping_status":"closed","template":"","meta":{"saved_in_kubio":true,"_eb_attr":"","footnotes":""},"class_list":["post-203","page","type-page","status-publish","hentry"],"kubio_ai_page_context":{"short_desc":"","purpose":"general"},"_links":{"self":[{"href":"https:\/\/montsegurienne-trail.fr\/index.php?rest_route=\/wp\/v2\/pages\/203","targetHints":{"allow":["GET"]}}],"collection":[{"href":"https:\/\/montsegurienne-trail.fr\/index.php?rest_route=\/wp\/v2\/pages"}],"about":[{"href":"https:\/\/montsegurienne-trail.fr\/index.php?rest_route=\/wp\/v2\/types\/page"}],"author":[{"embeddable":true,"href":"https:\/\/montsegurienne-trail.fr\/index.php?rest_route=\/wp\/v2\/users\/2"}],"replies":[{"embeddable":true,"href":"https:\/\/montsegurienne-trail.fr\/index.php?rest_route=%2Fwp%2Fv2%2Fcomments&post=203"}],"version-history":[{"count":19,"href":"https:\/\/montsegurienne-trail.fr\/index.php?rest_route=\/wp\/v2\/pages\/203\/revisions"}],"predecessor-version":[{"id":486,"href":"https:\/\/montsegurienne-trail.fr\/index.php?rest_route=\/wp\/v2\/pages\/203\/revisions\/486"}],"wp:attachment":[{"href":"https:\/\/montsegurienne-trail.fr\/index.php?rest_route=%2Fwp%2Fv2%2Fmedia&parent=203"}],"curies":[{"name":"wp","href":"https:\/\/api.w.org\/{rel}","templated":true}]}}